{"id":2,"date":"2025-11-14T16:22:38","date_gmt":"2025-11-14T19:22:38","guid":{"rendered":"http:\/\/anacastilho.com.br\/?page_id=2"},"modified":"2025-12-09T11:57:15","modified_gmt":"2025-12-09T14:57:15","slug":"terapia-2","status":"publish","type":"page","link":"http:\/\/anacastilho.com.br\/?page_id=2","title":{"rendered":"Quem \u00e9 Ana Castilho"},"content":{"rendered":"\n<p>Sou Psicanalista formada pelo Instituto Brasileiro de Psican\u00e1lise Cl\u00ednica desde 2020, com p\u00f3s-gradua\u00e7\u00e3o em Psican\u00e1lise Cl\u00ednica. Atuo pela Psican\u00e1lise Contempor\u00e2nea, oferecendo um espa\u00e7o de escuta que acolhe a singularidade de cada pessoa, com confidencialidade, \u00e9tica e respeito ao tempo de cada processo.<\/p>\n\n\n\n<p><\/p>\n\n\n\n<blockquote class=\"wp-block-quote is-layout-flow wp-block-quote-is-layout-flow\">\n<p>Trabalho com sess\u00f5es individuais, conduzidas em ritmo pr\u00f3prio, como um processo de elabora\u00e7\u00e3o do que se repete, do que d\u00f3i e do que deseja encontrar novos caminhos de express\u00e3o. Tamb\u00e9m realizo atendimentos para casais, presencialmente e on-line. O atendimento presencial acontece na cl\u00ednica localizada no bairro Ingleses, em Florian\u00f3polis \u2014 SC.<\/p>\n<\/blockquote>\n\n\n\n<figure class=\"wp-block-image size-large is-style-rounded\"><img fetchpriority=\"high\" decoding=\"async\" width=\"681\" height=\"1024\" src=\"http:\/\/anacastilho.com.br\/wp-content\/uploads\/2025\/12\/ana-32-681x1024.jpeg\" alt=\"\" class=\"wp-image-26\" srcset=\"http:\/\/anacastilho.com.br\/wp-content\/uploads\/2025\/12\/ana-32-681x1024.jpeg 681w, http:\/\/anacastilho.com.br\/wp-content\/uploads\/2025\/12\/ana-32-200x300.jpeg 200w, http:\/\/anacastilho.com.br\/wp-content\/uploads\/2025\/12\/ana-32-768x1154.jpeg 768w, http:\/\/anacastilho.com.br\/wp-content\/uploads\/2025\/12\/ana-32-1022x1536.jpeg 1022w, http:\/\/anacastilho.com.br\/wp-content\/uploads\/2025\/12\/ana-32-1363x2048.jpeg 1363w, http:\/\/anacastilho.com.br\/wp-content\/uploads\/2025\/12\/ana-32-scaled.jpeg 1703w\" sizes=\"(max-width: 681px) 100vw, 681px\" \/><\/figure>\n\n\n\n<blockquote class=\"wp-block-quote is-layout-flow wp-block-quote-is-layout-flow\">\n<p><em>An\u00e1lise para quem busca novas perspectivas.<\/em><br><\/p>\n<\/blockquote>\n\n\n\n<div class=\"wp-block-buttons alignfull is-content-justification-center is-layout-flex wp-container-core-buttons-is-layout-16018d1d wp-block-buttons-is-layout-flex\">\n<div class=\"wp-block-button has-custom-width wp-block-button__width-50 is-style-outline is-style-outline--1\"><a class=\"wp-block-button__link wp-element-button\" href=\"https:\/\/api.whatsapp.com\/send\/?phone=5547991187767&amp;text=Ol%C3%A1+Ana%2C+acessei+seu+site%2C+e+gostaria+de+agendar+uma+sess%C3%A3o+de+an%C3%A1lise.&amp;type=phone_number&amp;app_absent=0\">Agende sua sess\u00e3o<\/a><\/div>\n<\/div>\n","protected":false},"excerpt":{"rendered":"<p>Sou Psicanalista formada pelo Instituto Brasileiro de Psican\u00e1lise Cl\u00ednica desde 2020, com p\u00f3s-gradua\u00e7\u00e3o em Psican\u00e1lise Cl\u00ednica. Atuo pela Psican\u00e1lise Contempor\u00e2nea, oferecendo um espa\u00e7o de escuta que acolhe a singularidade de &hellip; <\/p>\n","protected":false},"author":1,"featured_media":0,"parent":0,"menu_order":0,"comment_status":"closed","ping_status":"open","template":"","meta":{"footnotes":""},"class_list":["post-2","page","type-page","status-publish","hentry","has-meta has-sticky-meta"],"yoast_head":"<!-- This site is optimized with the Yoast SEO plugin v22.8 - https:\/\/yoast.com\/wordpress\/plugins\/seo\/ -->\n<title>Quem \u00e9 Ana Castilho - Ana Castilho - Psicanalista<\/title>\n<meta name=\"description\" content=\"Cl\u00ednica de Psican\u00e1lise em Florian\u00f3polis. Atendimentos individuais e para casais, com escuta contempor\u00e2nea, \u00e9tica e sens\u00edvel, para ampliar perspectivas e compreender afetos.\" \/>\n<meta name=\"robots\" content=\"index, follow, max-snippet:-1, max-image-preview:large, max-video-preview:-1\" \/>\n<link rel=\"canonical\" href=\"http:\/\/anacastilho.com.br\/?page_id=2\" \/>\n<meta property=\"og:locale\" content=\"en_US\" \/>\n<meta property=\"og:type\" content=\"article\" \/>\n<meta property=\"og:title\" content=\"Quem \u00e9 Ana Castilho - Ana Castilho - Psicanalista\" \/>\n<meta property=\"og:description\" content=\"Cl\u00ednica de Psican\u00e1lise em Florian\u00f3polis. Atendimentos individuais e para casais, com escuta contempor\u00e2nea, \u00e9tica e sens\u00edvel, para ampliar perspectivas e compreender afetos.\" \/>\n<meta property=\"og:url\" content=\"http:\/\/anacastilho.com.br\/?page_id=2\" \/>\n<meta property=\"og:site_name\" content=\"Ana Castilho - Psicanalista\" \/>\n<meta property=\"article:modified_time\" content=\"2025-12-09T14:57:15+00:00\" \/>\n<meta property=\"og:image\" content=\"http:\/\/anacastilho.com.br\/wp-content\/uploads\/2025\/12\/ana-32-681x1024.jpeg\" \/>\n<meta name=\"twitter:card\" content=\"summary_large_image\" \/>\n<meta name=\"twitter:label1\" content=\"Est. reading time\" \/>\n\t<meta name=\"twitter:data1\" content=\"1 minute\" \/>\n<script type=\"application\/ld+json\" class=\"yoast-schema-graph\">{\"@context\":\"https:\/\/schema.org\",\"@graph\":[{\"@type\":\"WebPage\",\"@id\":\"http:\/\/anacastilho.com.br\/?page_id=2\",\"url\":\"http:\/\/anacastilho.com.br\/?page_id=2\",\"name\":\"Quem \u00e9 Ana Castilho - Ana Castilho - Psicanalista\",\"isPartOf\":{\"@id\":\"http:\/\/anacastilho.com.br\/#website\"},\"primaryImageOfPage\":{\"@id\":\"http:\/\/anacastilho.com.br\/?page_id=2#primaryimage\"},\"image\":{\"@id\":\"http:\/\/anacastilho.com.br\/?page_id=2#primaryimage\"},\"thumbnailUrl\":\"http:\/\/anacastilho.com.br\/wp-content\/uploads\/2025\/12\/ana-32-681x1024.jpeg\",\"datePublished\":\"2025-11-14T19:22:38+00:00\",\"dateModified\":\"2025-12-09T14:57:15+00:00\",\"description\":\"Cl\u00ednica de Psican\u00e1lise em Florian\u00f3polis. Atendimentos individuais e para casais, com escuta contempor\u00e2nea, \u00e9tica e sens\u00edvel, para ampliar perspectivas e compreender afetos.\",\"breadcrumb\":{\"@id\":\"http:\/\/anacastilho.com.br\/?page_id=2#breadcrumb\"},\"inLanguage\":\"en-US\",\"potentialAction\":[{\"@type\":\"ReadAction\",\"target\":[\"http:\/\/anacastilho.com.br\/?page_id=2\"]}]},{\"@type\":\"ImageObject\",\"inLanguage\":\"en-US\",\"@id\":\"http:\/\/anacastilho.com.br\/?page_id=2#primaryimage\",\"url\":\"http:\/\/anacastilho.com.br\/wp-content\/uploads\/2025\/12\/ana-32-scaled.jpeg\",\"contentUrl\":\"http:\/\/anacastilho.com.br\/wp-content\/uploads\/2025\/12\/ana-32-scaled.jpeg\",\"width\":1703,\"height\":2560},{\"@type\":\"BreadcrumbList\",\"@id\":\"http:\/\/anacastilho.com.br\/?page_id=2#breadcrumb\",\"itemListElement\":[{\"@type\":\"ListItem\",\"position\":1,\"name\":\"Home\",\"item\":\"http:\/\/anacastilho.com.br\/\"},{\"@type\":\"ListItem\",\"position\":2,\"name\":\"Quem \u00e9 Ana Castilho\"}]},{\"@type\":\"WebSite\",\"@id\":\"http:\/\/anacastilho.com.br\/#website\",\"url\":\"http:\/\/anacastilho.com.br\/\",\"name\":\"Ana Castilho - Psicanalista\",\"description\":\"\",\"potentialAction\":[{\"@type\":\"SearchAction\",\"target\":{\"@type\":\"EntryPoint\",\"urlTemplate\":\"http:\/\/anacastilho.com.br\/?s={search_term_string}\"},\"query-input\":\"required name=search_term_string\"}],\"inLanguage\":\"en-US\"}]}<\/script>\n<!-- \/ Yoast SEO plugin. -->","yoast_head_json":{"title":"Quem \u00e9 Ana Castilho - Ana Castilho - Psicanalista","description":"Cl\u00ednica de Psican\u00e1lise em Florian\u00f3polis. Atendimentos individuais e para casais, com escuta contempor\u00e2nea, \u00e9tica e sens\u00edvel, para ampliar perspectivas e compreender afetos.","robots":{"index":"index","follow":"follow","max-snippet":"max-snippet:-1","max-image-preview":"max-image-preview:large","max-video-preview":"max-video-preview:-1"},"canonical":"http:\/\/anacastilho.com.br\/?page_id=2","og_locale":"en_US","og_type":"article","og_title":"Quem \u00e9 Ana Castilho - Ana Castilho - Psicanalista","og_description":"Cl\u00ednica de Psican\u00e1lise em Florian\u00f3polis. Atendimentos individuais e para casais, com escuta contempor\u00e2nea, \u00e9tica e sens\u00edvel, para ampliar perspectivas e compreender afetos.","og_url":"http:\/\/anacastilho.com.br\/?page_id=2","og_site_name":"Ana Castilho - Psicanalista","article_modified_time":"2025-12-09T14:57:15+00:00","og_image":[{"url":"http:\/\/anacastilho.com.br\/wp-content\/uploads\/2025\/12\/ana-32-681x1024.jpeg"}],"twitter_card":"summary_large_image","twitter_misc":{"Est. reading time":"1 minute"},"schema":{"@context":"https:\/\/schema.org","@graph":[{"@type":"WebPage","@id":"http:\/\/anacastilho.com.br\/?page_id=2","url":"http:\/\/anacastilho.com.br\/?page_id=2","name":"Quem \u00e9 Ana Castilho - Ana Castilho - Psicanalista","isPartOf":{"@id":"http:\/\/anacastilho.com.br\/#website"},"primaryImageOfPage":{"@id":"http:\/\/anacastilho.com.br\/?page_id=2#primaryimage"},"image":{"@id":"http:\/\/anacastilho.com.br\/?page_id=2#primaryimage"},"thumbnailUrl":"http:\/\/anacastilho.com.br\/wp-content\/uploads\/2025\/12\/ana-32-681x1024.jpeg","datePublished":"2025-11-14T19:22:38+00:00","dateModified":"2025-12-09T14:57:15+00:00","description":"Cl\u00ednica de Psican\u00e1lise em Florian\u00f3polis. Atendimentos individuais e para casais, com escuta contempor\u00e2nea, \u00e9tica e sens\u00edvel, para ampliar perspectivas e compreender afetos.","breadcrumb":{"@id":"http:\/\/anacastilho.com.br\/?page_id=2#breadcrumb"},"inLanguage":"en-US","potentialAction":[{"@type":"ReadAction","target":["http:\/\/anacastilho.com.br\/?page_id=2"]}]},{"@type":"ImageObject","inLanguage":"en-US","@id":"http:\/\/anacastilho.com.br\/?page_id=2#primaryimage","url":"http:\/\/anacastilho.com.br\/wp-content\/uploads\/2025\/12\/ana-32-scaled.jpeg","contentUrl":"http:\/\/anacastilho.com.br\/wp-content\/uploads\/2025\/12\/ana-32-scaled.jpeg","width":1703,"height":2560},{"@type":"BreadcrumbList","@id":"http:\/\/anacastilho.com.br\/?page_id=2#breadcrumb","itemListElement":[{"@type":"ListItem","position":1,"name":"Home","item":"http:\/\/anacastilho.com.br\/"},{"@type":"ListItem","position":2,"name":"Quem \u00e9 Ana Castilho"}]},{"@type":"WebSite","@id":"http:\/\/anacastilho.com.br\/#website","url":"http:\/\/anacastilho.com.br\/","name":"Ana Castilho - Psicanalista","description":"","potentialAction":[{"@type":"SearchAction","target":{"@type":"EntryPoint","urlTemplate":"http:\/\/anacastilho.com.br\/?s={search_term_string}"},"query-input":"required name=search_term_string"}],"inLanguage":"en-US"}]}},"_links":{"self":[{"href":"http:\/\/anacastilho.com.br\/index.php?rest_route=\/wp\/v2\/pages\/2","targetHints":{"allow":["GET"]}}],"collection":[{"href":"http:\/\/anacastilho.com.br\/index.php?rest_route=\/wp\/v2\/pages"}],"about":[{"href":"http:\/\/anacastilho.com.br\/index.php?rest_route=\/wp\/v2\/types\/page"}],"author":[{"embeddable":true,"href":"http:\/\/anacastilho.com.br\/index.php?rest_route=\/wp\/v2\/users\/1"}],"replies":[{"embeddable":true,"href":"http:\/\/anacastilho.com.br\/index.php?rest_route=%2Fwp%2Fv2%2Fcomments&post=2"}],"version-history":[{"count":2,"href":"http:\/\/anacastilho.com.br\/index.php?rest_route=\/wp\/v2\/pages\/2\/revisions"}],"predecessor-version":[{"id":44,"href":"http:\/\/anacastilho.com.br\/index.php?rest_route=\/wp\/v2\/pages\/2\/revisions\/44"}],"wp:attachment":[{"href":"http:\/\/anacastilho.com.br\/index.php?rest_route=%2Fwp%2Fv2%2Fmedia&parent=2"}],"curies":[{"name":"wp","href":"https:\/\/api.w.org\/{rel}","templated":true}]}}